{"id":37,"date":"2018-12-19T14:11:14","date_gmt":"2018-12-19T13:11:14","guid":{"rendered":"https:\/\/jossefiskarna.se\/?page_id=37"},"modified":"2025-11-11T18:00:50","modified_gmt":"2025-11-11T17:00:50","slug":"tavlingskalender","status":"publish","type":"page","link":"https:\/\/jossefiskarna.se\/?page_id=37","title":{"rendered":"T\u00e4vlingskalender"},"content":{"rendered":"\n<div class=\"wp-block-file\"><object class=\"wp-block-file__embed\" data=\"https:\/\/jossefiskarna.se\/wp-content\/uploads\/2025\/11\/Tavlingsprogram-Vintern-2025-26.pdf\" type=\"application\/pdf\" style=\"width:100%;height:600px\" aria-label=\"Inb\u00e4ddning av Tavlingsprogram-Vintern-2025-26.\"><\/object><a href=\"https:\/\/jossefiskarna.se\/wp-content\/uploads\/2025\/11\/Tavlingsprogram-Vintern-2025-26.pdf\">Tavlingsprogram-Vintern-2025-26<\/a><a href=\"https:\/\/jossefiskarna.se\/wp-content\/uploads\/2025\/11\/Tavlingsprogram-Vintern-2025-26.pdf\" class=\"wp-block-file__button\" download>Ladda ner<\/a><\/div>\n\n\n\n<div class=\"wp-block-file\"><object class=\"wp-block-file__embed\" data=\"https:\/\/jossefiskarna.se\/wp-content\/uploads\/2025\/05\/20250524-Tavlingsprogram-sommatren-2025.pdf\" type=\"application\/pdf\" style=\"width:100%;height:600px\" aria-label=\"Inb\u00e4ddning av 20250524-Tavlingsprogram-sommatren-2025.\"><\/object><a href=\"https:\/\/jossefiskarna.se\/wp-content\/uploads\/2025\/05\/20250524-Tavlingsprogram-sommatren-2025.pdf\">20250524-Tavlingsprogram-sommatren-2025<\/a><a href=\"https:\/\/jossefiskarna.se\/wp-content\/uploads\/2025\/05\/20250524-Tavlingsprogram-sommatren-2025.pdf\" class=\"wp-block-file__button\" download>Ladda ner<\/a><\/div>\n\n\n\n<div class=\"wp-block-file\"><object class=\"wp-block-file__embed\" data=\"https:\/\/jossefiskarna.se\/wp-content\/uploads\/2025\/04\/Tavlingsprogram-sommaren-2025.pdf\" type=\"application\/pdf\" style=\"width:100%;height:600px\" aria-label=\"Inb\u00e4ddning av Tavlingsprogram-sommaren-2025.\"><\/object><a href=\"https:\/\/jossefiskarna.se\/wp-content\/uploads\/2025\/04\/Tavlingsprogram-sommaren-2025.pdf\">Tavlingsprogram-sommaren-2025<\/a><a href=\"https:\/\/jossefiskarna.se\/wp-content\/uploads\/2025\/04\/Tavlingsprogram-sommaren-2025.pdf\" class=\"wp-block-file__button\" download>Ladda ner<\/a><\/div>\n\n\n\n<div class=\"wp-block-file\"><object class=\"wp-block-file__embed\" data=\"https:\/\/jossefiskarna.se\/wp-content\/uploads\/2024\/11\/Tavlingsprogram-vintern-2024-2025.pdf\" type=\"application\/pdf\" style=\"width:100%;height:600px\" aria-label=\"Inb\u00e4ddning av Tavlingsprogram-vintern-2024-2025.\"><\/object><a href=\"https:\/\/jossefiskarna.se\/wp-content\/uploads\/2024\/11\/Tavlingsprogram-vintern-2024-2025.pdf\">Tavlingsprogram-vintern-2024-2025<\/a><a href=\"https:\/\/jossefiskarna.se\/wp-content\/uploads\/2024\/11\/Tavlingsprogram-vintern-2024-2025.pdf\" class=\"wp-block-file__button\" download>Ladda ner<\/a><\/div>\n\n\n\n<div class=\"wp-block-file\"><object class=\"wp-block-file__embed\" data=\"https:\/\/jossefiskarna.se\/wp-content\/uploads\/2024\/04\/sommarmete2024.pdf\" type=\"application\/pdf\" style=\"width:100%;height:600px\" aria-label=\"Inb\u00e4ddning av sommarmete2024.\"><\/object><a href=\"https:\/\/jossefiskarna.se\/wp-content\/uploads\/2024\/04\/sommarmete2024.pdf\">sommarmete2024<\/a><a href=\"https:\/\/jossefiskarna.se\/wp-content\/uploads\/2024\/04\/sommarmete2024.pdf\" class=\"wp-block-file__button\" download>Ladda ner<\/a><\/div>\n\n\n\n<div class=\"wp-block-file\"><object class=\"wp-block-file__embed\" data=\"https:\/\/jossefiskarna.se\/wp-content\/uploads\/2023\/11\/tavlingsprogram-vintern-2023-24.pdf\" type=\"application\/pdf\" style=\"width:100%;height:600px\" aria-label=\"Inb\u00e4ddning av tavlingsprogram-vintern-2023-24.\"><\/object><a href=\"https:\/\/jossefiskarna.se\/wp-content\/uploads\/2023\/11\/tavlingsprogram-vintern-2023-24.pdf\">tavlingsprogram-vintern-2023-24<\/a><a href=\"https:\/\/jossefiskarna.se\/wp-content\/uploads\/2023\/11\/tavlingsprogram-vintern-2023-24.pdf\" class=\"wp-block-file__button\" download>Ladda ner<\/a><\/div>\n\n\n\n<div class=\"wp-block-file\"><object class=\"wp-block-file__embed\" data=\"https:\/\/jossefiskarna.se\/wp-content\/uploads\/2023\/04\/Sommaren-2023-tavlingsprogram.pdf\" type=\"application\/pdf\" style=\"width:100%;height:600px\" aria-label=\"Inb\u00e4ddning av Sommaren-2023-tavlingsprogram.\"><\/object><a href=\"https:\/\/jossefiskarna.se\/wp-content\/uploads\/2023\/04\/Sommaren-2023-tavlingsprogram.pdf\">Sommaren-2023-tavlingsprogram<\/a><a href=\"https:\/\/jossefiskarna.se\/wp-content\/uploads\/2023\/04\/Sommaren-2023-tavlingsprogram.pdf\" class=\"wp-block-file__button\" download>Ladda ner<\/a><\/div>\n\n\n\n<div class=\"wp-block-file\"><object class=\"wp-block-file__embed\" data=\"https:\/\/jossefiskarna.se\/wp-content\/uploads\/2022\/11\/Tavlingsprogram-vintern-2022-23-Jossefiskarna.pdf\" type=\"application\/pdf\" style=\"width:100%;height:600px\" aria-label=\"Inb\u00e4ddning av Tavlingsprogram-vintern-2022-23-Jossefiskarna.\"><\/object><a href=\"https:\/\/jossefiskarna.se\/wp-content\/uploads\/2022\/11\/Tavlingsprogram-vintern-2022-23-Jossefiskarna.pdf\">Tavlingsprogram-vintern-2022-23-Jossefiskarna<\/a><a href=\"https:\/\/jossefiskarna.se\/wp-content\/uploads\/2022\/11\/Tavlingsprogram-vintern-2022-23-Jossefiskarna.pdf\" class=\"wp-block-file__button\" download>Ladda ner<\/a><\/div>\n\n\n\n<div class=\"wp-block-file\"><a href=\"https:\/\/jossefiskarna.se\/wp-content\/uploads\/2022\/11\/Tavlingsprogram-2022-2023.xls\" class=\"wp-block-file__button\" download><\/a><\/div>\n\n\n\n<div class=\"wp-block-file\"><object class=\"wp-block-file__embed\" data=\"https:\/\/jossefiskarna.se\/wp-content\/uploads\/2022\/05\/Tavlingsprogram-sommar-2022.pdf\" type=\"application\/pdf\" style=\"width:100%;height:600px\" aria-label=\"Inb\u00e4ddning av Tavlingsprogram-sommar-2022.\"><\/object><a href=\"https:\/\/jossefiskarna.se\/wp-content\/uploads\/2022\/05\/Tavlingsprogram-sommar-2022.pdf\">Tavlingsprogram-sommar-2022<\/a><a href=\"https:\/\/jossefiskarna.se\/wp-content\/uploads\/2022\/05\/Tavlingsprogram-sommar-2022.pdf\" class=\"wp-block-file__button\" download>Ladda ner<\/a><\/div>\n\n\n\n<div class=\"wp-block-file\"><a href=\"https:\/\/jossefiskarna.se\/wp-content\/uploads\/2021\/12\/J\u00f6ssefiskarna-t\u00e4vlingsprogram-vintern-2021-22.pdf\">J\u00f6ssefiskarna-t\u00e4vlingsprogram-vintern-2021-22<\/a><a href=\"https:\/\/jossefiskarna.se\/wp-content\/uploads\/2021\/12\/J\u00f6ssefiskarna-t\u00e4vlingsprogram-vintern-2021-22.pdf\" class=\"wp-block-file__button\" download>Ladda ner<\/a><\/div>\n\n\n\n<div class=\"wp-block-file\"><a href=\"https:\/\/jossefiskarna.se\/wp-content\/uploads\/2021\/11\/J\u00f6ssefiskarna-t\u00e4vlingsprogram-vintern-2021-22.pdf\">J\u00f6ssefiskarna-t\u00e4vlingsprogram-vintern-2021-22<\/a><a href=\"https:\/\/jossefiskarna.se\/wp-content\/uploads\/2021\/11\/J\u00f6ssefiskarna-t\u00e4vlingsprogram-vintern-2021-22.pdf\" class=\"wp-block-file__button\" download>Ladda ner<\/a><\/div>\n\n\n\n<div class=\"wp-block-file\"><a href=\"https:\/\/jossefiskarna.se\/wp-content\/uploads\/2021\/06\/Sommaren-2021-uppdaterat-program.pdf\">Sommaren-2021-uppdaterat-program<\/a><a href=\"https:\/\/jossefiskarna.se\/wp-content\/uploads\/2021\/06\/Sommaren-2021-uppdaterat-program.pdf\" class=\"wp-block-file__button\" download>Ladda ner<\/a><\/div>\n\n\n\n<div class=\"wp-block-file\"><a href=\"https:\/\/jossefiskarna.se\/wp-content\/uploads\/2021\/05\/Sommarprogram-2021-justerat-17-maj.pdf\">Sommarprogram-2021-justerat-17-maj<\/a><a href=\"https:\/\/jossefiskarna.se\/wp-content\/uploads\/2021\/05\/Sommarprogram-2021-justerat-17-maj.pdf\" class=\"wp-block-file__button\" download>Ladda ner<\/a><\/div>\n\n\n\n<div class=\"wp-block-file\"><a href=\"https:\/\/jossefiskarna.se\/wp-content\/uploads\/2021\/04\/T\u00e4vlingsprogram-sommaren-2021.pdf\">T\u00e4vlingsprogram-sommaren-2021<\/a><a href=\"https:\/\/jossefiskarna.se\/wp-content\/uploads\/2021\/04\/T\u00e4vlingsprogram-sommaren-2021.pdf\" class=\"wp-block-file__button\" download>Ladda ner<\/a><\/div>\n\n\n\n<div class=\"wp-block-file\"><a href=\"https:\/\/jossefiskarna.se\/wp-content\/uploads\/2020\/11\/T\u00e4vlingsprogram-vintern-2020-21.pdf\">T\u00e4vlingsprogram-vintern-2020-21<\/a><a href=\"https:\/\/jossefiskarna.se\/wp-content\/uploads\/2020\/11\/T\u00e4vlingsprogram-vintern-2020-21.pdf\" class=\"wp-block-file__button\" download>Ladda ner<\/a><\/div>\n\n\n\n<div class=\"wp-block-file\"><a href=\"https:\/\/jossefiskarna.se\/wp-content\/uploads\/2020\/05\/Sommarprogram-2020-J\u00f6ssefiskarna.pdf\" class=\"wp-block-file__button\" download>Ladda ner<\/a><\/div>\n\n\n\n<div class=\"wp-block-file\"><a href=\"https:\/\/jossefiskarna.se\/wp-content\/uploads\/2020\/04\/Sommarprogram2020-1.pdf\" class=\"wp-block-file__button\" download><\/a><\/div>\n\n\n\n<div class=\"wp-block-image\"><figure class=\"aligncenter\"><img loading=\"lazy\" width=\"160\" height=\"160\" src=\"https:\/\/jossefiskarna.se\/wp-content\/uploads\/2018\/12\/unnamed.jpg\" alt=\"\" class=\"wp-image-126\" srcset=\"https:\/\/jossefiskarna.se\/wp-content\/uploads\/2018\/12\/unnamed.jpg 160w, https:\/\/jossefiskarna.se\/wp-content\/uploads\/2018\/12\/unnamed-150x150.jpg 150w, https:\/\/jossefiskarna.se\/wp-content\/uploads\/2018\/12\/unnamed-100x100.jpg 100w\" sizes=\"(max-width: 160px) 100vw, 160px\" \/><\/figure><\/div>\n\n\n\n<div class=\"wp-block-file\"><a href=\"https:\/\/jossefiskarna.se\/wp-content\/uploads\/2019\/11\/Program-vinter-2019-20.pdf\">Program-vinter-2019-20<\/a><a href=\"https:\/\/jossefiskarna.se\/wp-content\/uploads\/2019\/11\/Program-vinter-2019-20.pdf\" class=\"wp-block-file__button\" download>Ladda ner<\/a><\/div>\n\n\n\n<div class=\"wp-block-file\"><a href=\"https:\/\/jossefiskarna.se\/wp-content\/uploads\/2018\/12\/T\u00e4vlingsprogram-Vintern-2018-2019.pdf\">T\u00e4vlingsprogram Vintern 2018-2019<\/a><a href=\"https:\/\/jossefiskarna.se\/wp-content\/uploads\/2018\/12\/T\u00e4vlingsprogram-Vintern-2018-2019.pdf\" class=\"wp-block-file__button\" download>Ladda ner<\/a><\/div>\n\n\n\n<div class=\"wp-block-file\"><a href=\"https:\/\/jossefiskarna.se\/wp-content\/uploads\/2018\/12\/T\u00e4vlingsprogram-Sommaren-2019.pdf\">T\u00e4vlingsprogram Sommaren 2019<\/a><a href=\"https:\/\/jossefiskarna.se\/wp-content\/uploads\/2018\/12\/T\u00e4vlingsprogram-Sommaren-2019.pdf\" class=\"wp-block-file__button\" download>Ladda ner<\/a><\/div>\n\n\n\n<figure class=\"wp-block-image is-resized\"><img loading=\"lazy\" src=\"https:\/\/jossefiskarna.se\/wp-content\/uploads\/2018\/12\/unnamed-804x1024.png\" alt=\"\" class=\"wp-image-51\" width=\"804\" height=\"1024\" srcset=\"https:\/\/jossefiskarna.se\/wp-content\/uploads\/2018\/12\/unnamed-804x1024.png 804w, https:\/\/jossefiskarna.se\/wp-content\/uploads\/2018\/12\/unnamed-236x300.png 236w, https:\/\/jossefiskarna.se\/wp-content\/uploads\/2018\/12\/unnamed-768x978.png 768w, https:\/\/jossefiskarna.se\/wp-content\/uploads\/2018\/12\/unnamed.png 1063w\" sizes=\"(max-width: 767px) 89vw, (max-width: 1000px) 54vw, (max-width: 1071px) 543px, 580px\" \/><figcaption><br><br><br><strong>Startavgifter T\u00e4vlingar.<\/strong><br><strong>Seriet\u00e4vlingar 100 kr, (Juniorer 20 kr), DM Individuellt 120 kr(Juniorer 50 kr), DM Lag 120 kr(Juniorer 80kr)<\/strong><br>SPORTFISKARNAS T\u00c4VLINGSBEST\u00c4MMELSER F\u00d6R PIMPEL OCH F\u00d6R TRADITIONELLT METE finns att l\u00e4sa p\u00e5 Sportfiskarnas hemsida<br><br><\/figcaption><\/figure>\n\n\n\n<p><a href=\"https:\/\/www.google.com\/maps\/place\/Kolsjon\/@59.6955303,12.4165463,2470m\/data=!3m1!1e3!4m5!3m4!1s0x46430be9427fd89b:0xfc1da80b8c7c805a!8m2!3d59.7!4d12.4166667\">h<\/a><\/p>\n\n\n\n<div class=\"wp-block-file\"><a href=\"https:\/\/jossefiskarna.se\/wp-content\/uploads\/2020\/04\/Sommarprogram2020.pdf\">Sommarprogram2020<\/a><a href=\"https:\/\/jossefiskarna.se\/wp-content\/uploads\/2020\/04\/Sommarprogram2020.pdf\" class=\"wp-block-file__button\" download>Ladda ner<\/a><\/div>\n","protected":false},"excerpt":{"rendered":"<p>h<\/p>\n","protected":false},"author":1,"featured_media":0,"parent":0,"menu_order":0,"comment_status":"closed","ping_status":"closed","template":"","meta":{"spay_email":""},"jetpack_sharing_enabled":true,"jetpack_shortlink":"https:\/\/wp.me\/Paygpm-B","_links":{"self":[{"href":"https:\/\/jossefiskarna.se\/index.php?rest_route=\/wp\/v2\/pages\/37"}],"collection":[{"href":"https:\/\/jossefiskarna.se\/index.php?rest_route=\/wp\/v2\/pages"}],"about":[{"href":"https:\/\/jossefiskarna.se\/index.php?rest_route=\/wp\/v2\/types\/page"}],"author":[{"embeddable":true,"href":"https:\/\/jossefiskarna.se\/index.php?rest_route=\/wp\/v2\/users\/1"}],"replies":[{"embeddable":true,"href":"https:\/\/jossefiskarna.se\/index.php?rest_route=%2Fwp%2Fv2%2Fcomments&post=37"}],"version-history":[{"count":32,"href":"https:\/\/jossefiskarna.se\/index.php?rest_route=\/wp\/v2\/pages\/37\/revisions"}],"predecessor-version":[{"id":1004,"href":"https:\/\/jossefiskarna.se\/index.php?rest_route=\/wp\/v2\/pages\/37\/revisions\/1004"}],"wp:attachment":[{"href":"https:\/\/jossefiskarna.se\/index.php?rest_route=%2Fwp%2Fv2%2Fmedia&parent=37"}],"curies":[{"name":"wp","href":"https:\/\/api.w.org\/{rel}","templated":true}]}}